{"id":395,"date":"2026-04-08T14:25:12","date_gmt":"2026-04-08T14:25:12","guid":{"rendered":"https:\/\/investimentiperte.com\/?page_id=395"},"modified":"2026-04-08T14:32:42","modified_gmt":"2026-04-08T14:32:42","slug":"polonia-gold","status":"publish","type":"page","link":"https:\/\/investimentiperte.com\/?page_id=395","title":{"rendered":"Polonia gold"},"content":{"rendered":"\t\t<div data-elementor-type=\"wp-page\" data-elementor-id=\"395\" class=\"elementor elementor-395\" data-elementor-post-type=\"page\">\n\t\t\t\t<div class=\"elementor-element elementor-element-5b5cb4c e-con-full e-flex e-con e-parent\" data-id=\"5b5cb4c\" data-element_type=\"container\">\n\t\t\t\t<div class=\"elementor-element elementor-element-035f2bf elementor-widget-mobile__width-inherit elementor-widget elementor-widget-html\" data-id=\"035f2bf\" data-element_type=\"widget\" data-widget_type=\"html.default\">\n\t\t\t\t\t<!DOCTYPE html>\n<html lang=\"pl\">\n<head>\n<meta charset=\"UTF-8\">\n<meta name=\"viewport\" content=\"width=device-width, initial-scale=1.0\">\n<title>Jak inwestowa\u0107 w z\u0142oto \u2014 Darmowy ebook | BetterTrading<\/title>\n<style>\n  *,*::before,*::after{box-sizing:border-box;margin:0;padding:0}\n  html{scroll-behavior:smooth}\n  body{font-family:-apple-system,BlinkMacSystemFont,\"Segoe UI\",Roboto,Helvetica,Arial,sans-serif;color:#1a1a1a;line-height:1.55;background:#fff;-webkit-font-smoothing:antialiased}\n  img{max-width:100%;display:block;height:auto}\n  a{color:inherit}\n  .container{max-width:1100px;margin:0 auto;padding:0 24px}\n\n  \/* ===== HERO ===== *\/\n  .hero{position:relative;background:#f4f5f7;padding:90px 0 140px;overflow:hidden}\n  .hero::after{\n    content:\"\";position:absolute;left:0;right:0;bottom:-1px;height:120px;\n    background:url(\"data:image\/svg+xml;utf8,<svg xmlns='http:\/\/www.w3.org\/2000\/svg' viewBox='0 0 1440 120' preserveAspectRatio='none'><path fill='%23ffffff' d='M0,80 C240,140 480,20 720,60 C960,100 1200,140 1440,60 L1440,120 L0,120 Z'\/><\/svg>\") no-repeat center\/cover;\n  }\n  .hero-grid{display:grid;grid-template-columns:1fr 1fr;gap:60px;align-items:center;position:relative;z-index:2}\n  .hero-text h1{font-size:clamp(28px,3.6vw,42px);font-weight:800;line-height:1.2;color:#0f1729;margin-bottom:22px;letter-spacing:-.5px}\n  .hero-text p.sub{font-size:16px;color:#3a3f4b;max-width:440px;margin-bottom:34px}\n  .hero-img{display:flex;justify-content:center;align-items:center}\n  .hero-img img{max-width:340px;width:100%;filter:drop-shadow(0 25px 40px rgba(0,0,0,.35));transform:rotate(-2deg)}\n\n  \/* ===== BUTTON ===== *\/\n  .btn{\n    display:inline-block;background:#1e40ff;color:#fff;\n    padding:16px 38px;border-radius:999px;font-weight:700;\n    text-decoration:none;font-size:14px;letter-spacing:.6px;\n    border:none;cursor:pointer;transition:all .2s;\n    box-shadow:0 8px 24px rgba(30,64,255,.32);text-transform:uppercase\n  }\n  .btn:hover{background:#1530d4;transform:translateY(-2px);box-shadow:0 12px 30px rgba(30,64,255,.45)}\n  .btn:disabled{opacity:.6;cursor:not-allowed;transform:none}\n\n  \/* ===== BENEFITS ===== *\/\n  .benefits{padding:90px 0 100px;background:#fff}\n  .benefits h2{text-align:center;font-size:clamp(26px,3.2vw,34px);margin-bottom:70px;font-weight:800;color:#0f1729}\n  .benefits-grid{display:grid;grid-template-columns:repeat(3,1fr);gap:40px;max-width:900px;margin:0 auto}\n  .benefit{text-align:center;padding:0 10px}\n  .benefit-icon{width:90px;height:90px;margin:0 auto 28px;display:flex;align-items:center;justify-content:center}\n  .benefit-icon svg{width:100%;height:100%}\n  .benefit p{font-size:14px;color:#3a3f4b;line-height:1.6;max-width:240px;margin:0 auto}\n\n  \/* ===== CHART ===== *\/\n  .chart-section{padding:90px 0 100px;background:#f4f5f7}\n  .chart-section h2{text-align:center;font-size:clamp(26px,3.2vw,34px);margin-bottom:55px;font-weight:800;color:#0f1729}\n  .chart-wrap{max-width:900px;margin:0 auto;background:#fff;border-radius:6px;padding:14px;box-shadow:0 6px 30px rgba(0,0,0,.08);height:480px}\n  .chart-wrap iframe{width:100%;height:100%;border:0;border-radius:4px}\n\n  \/* ===== FORM ===== *\/\n  .form-section{padding:90px 0 100px;background:#fff}\n  .form-section h2{text-align:center;font-size:clamp(26px,3.2vw,34px);font-weight:800;color:#0f1729;margin-bottom:24px}\n  .form-section .lead{text-align:center;color:#3a3f4b;max-width:680px;margin:0 auto 16px;font-size:15px}\n  .form-section .lead-bold{text-align:center;font-weight:700;color:#0f1729;margin:0 auto 50px;font-size:15px}\n  .form-grid{display:grid;grid-template-columns:1fr 1fr;gap:60px;align-items:center;max-width:920px;margin:0 auto}\n  .form-img{display:flex;justify-content:center}\n  .form-img img{max-width:300px;width:100%;filter:drop-shadow(0 20px 35px rgba(0,0,0,.3));transform:rotate(-4deg)}\n  .form-wrap form{display:flex;flex-direction:column;gap:12px}\n  .field input,.field select{width:100%;padding:14px 16px;border:1px solid #d8dae0;border-radius:4px;font-size:14px;font-family:inherit;background:#fff;color:#1a1a1a;transition:border-color .15s,box-shadow .15s}\n  .field input::placeholder{color:#9aa0aa}\n  .field input:focus,.field select:focus{outline:none;border-color:#1e40ff;box-shadow:0 0 0 3px rgba(30,64,255,.12)}\n  .phone-row{display:grid;grid-template-columns:130px 1fr;gap:10px}\n  .err{color:#d11;font-size:12px;margin-top:4px;display:none}\n  .field.invalid input,.field.invalid select{border-color:#d11}\n  .field.invalid .err{display:block}\n  .submit-wrap{margin-top:8px}\n  .submit-wrap .btn{width:100%;padding:16px}\n  .hp{position:absolute;left:-9999px}\n\n  \/* ===== FOOTER ===== *\/\n  footer{background:#0f1117;color:#aab0bd;padding:36px 0 30px;font-size:11px;line-height:1.7}\n  footer .links{text-align:center;margin-bottom:14px}\n  footer .links a{color:#fff;text-decoration:underline;margin:0 6px;font-size:12px}\n  footer .risk{max-width:880px;margin:0 auto 16px;color:#9097a4;text-align:center}\n  footer .risk strong{color:#fff;display:block;margin-bottom:8px;font-size:12px}\n  footer .copy{text-align:center;color:#7a8090;padding-top:6px}\n\n  \/* ===== RESPONSIVE ===== *\/\n  @media(max-width:860px){\n    .hero{padding:60px 0 100px}\n    .hero-grid{grid-template-columns:1fr;gap:40px;text-align:center}\n    .hero-text p.sub{margin-left:auto;margin-right:auto}\n    .hero-img img{max-width:260px}\n    .benefits-grid{grid-template-columns:1fr;gap:50px;max-width:340px}\n    .chart-wrap{height:380px}\n    .form-grid{grid-template-columns:1fr;gap:40px}\n    .form-img img{max-width:220px}\n  }\n  @media(max-width:480px){\n    .chart-wrap{height:320px}\n    .phone-row{grid-template-columns:115px 1fr}\n  }\n<\/style>\n<\/head>\n<body>\n\n<!-- ============ HERO ============ -->\n<section class=\"hero\">\n  <div class=\"container\">\n    <div class=\"hero-grid\">\n      <div class=\"hero-text\">\n        <h1>Jak zbudowa\u0107 drugie \u017ar\u00f3d\u0142o dochodu dzi\u0119ki \u201ewirtualnemu\" z\u0142otu<\/h1>\n        <p class=\"sub\">Odkryj 6 krok\u00f3w, by zarabia\u0107 na z\u0142ocie bez sprzeda\u017cy bi\u017cuterii czy sztabek.<\/p>\n        <a href=\"#form\" class=\"btn\">POBIERZ DARMOWY EBOOK<\/a>\n      <\/div>\n      <div class=\"hero-img\">\n        <!-- SOSTITUIRE src con l'immagine ebook generata -->\n        <img decoding=\"async\" src=\"https:\/\/investimentiperte.com\/wp-content\/uploads\/2026\/04\/Gemini_Generated_Image_xqvayzxqvayzxqva-1.png\" alt=\"Ebook Jak inwestowa\u0107 w z\u0142oto\">\n      <\/div>\n    <\/div>\n  <\/div>\n<\/section>\n\n<!-- ============ BENEFITS ============ -->\n<section class=\"benefits\">\n  <div class=\"container\">\n    <h2>W tym przewodniku poznasz:<\/h2>\n    <div class=\"benefits-grid\">\n\n      <div class=\"benefit\">\n        <div class=\"benefit-icon\">\n          <svg viewBox=\"0 0 100 100\" xmlns=\"http:\/\/www.w3.org\/2000\/svg\">\n            <rect x=\"10\" y=\"20\" width=\"70\" height=\"48\" rx=\"4\" fill=\"#f4f5f7\" stroke=\"#0f1729\" stroke-width=\"3\"\/>\n            <polyline points=\"18,56 30,46 40,52 52,36 64,42 72,30\" fill=\"none\" stroke=\"#1e40ff\" stroke-width=\"2.5\" stroke-linecap=\"round\" stroke-linejoin=\"round\"\/>\n            <circle cx=\"72\" cy=\"30\" r=\"3\" fill=\"#1e40ff\"\/>\n            <rect x=\"32\" y=\"72\" width=\"26\" height=\"3\" rx=\"1\" fill=\"#0f1729\"\/>\n            <rect x=\"22\" y=\"78\" width=\"46\" height=\"3\" rx=\"1\" fill=\"#0f1729\"\/>\n            <circle cx=\"74\" cy=\"58\" r=\"14\" fill=\"#fff\" stroke=\"#0f1729\" stroke-width=\"3\"\/>\n            <line x1=\"84\" y1=\"68\" x2=\"92\" y2=\"76\" stroke=\"#0f1729\" stroke-width=\"3\" stroke-linecap=\"round\"\/>\n            <text x=\"74\" y=\"63\" font-size=\"14\" font-weight=\"bold\" fill=\"#0f1729\" text-anchor=\"middle\">%<\/text>\n          <\/svg>\n        <\/div>\n        <p>Co to jest d\u017awignia finansowa i jak osi\u0105gn\u0105\u0107 10-krotnie wy\u017csze zyski w por\u00f3wnaniu z fizycznym z\u0142otem<\/p>\n      <\/div>\n\n      <div class=\"benefit\">\n        <div class=\"benefit-icon\">\n          <svg viewBox=\"0 0 100 100\" xmlns=\"http:\/\/www.w3.org\/2000\/svg\">\n            <line x1=\"22\" y1=\"14\" x2=\"22\" y2=\"86\" stroke=\"#16a34a\" stroke-width=\"2\"\/>\n            <rect x=\"16\" y=\"30\" width=\"12\" height=\"36\" fill=\"#16a34a\"\/>\n            <line x1=\"42\" y1=\"20\" x2=\"42\" y2=\"80\" stroke=\"#dc2626\" stroke-width=\"2\"\/>\n            <rect x=\"36\" y=\"36\" width=\"12\" height=\"30\" fill=\"#dc2626\"\/>\n            <line x1=\"62\" y1=\"10\" x2=\"62\" y2=\"90\" stroke=\"#16a34a\" stroke-width=\"2\"\/>\n            <rect x=\"56\" y=\"24\" width=\"12\" height=\"44\" fill=\"#16a34a\"\/>\n            <line x1=\"82\" y1=\"18\" x2=\"82\" y2=\"82\" stroke=\"#16a34a\" stroke-width=\"2\"\/>\n            <rect x=\"76\" y=\"32\" width=\"12\" height=\"38\" fill=\"#16a34a\"\/>\n          <\/svg>\n        <\/div>\n        <p>Jak chroni\u0107 si\u0119 przed niestabilnym rynkiem, stosuj\u0105c \u015brodki ochronne<\/p>\n      <\/div>\n\n      <div class=\"benefit\">\n        <div class=\"benefit-icon\">\n          <svg viewBox=\"0 0 100 100\" xmlns=\"http:\/\/www.w3.org\/2000\/svg\">\n            <path d=\"M15,68 Q15,58 25,58 L75,58 Q85,58 85,68 L85,72 Q85,82 75,82 L25,82 Q15,82 15,72 Z\" fill=\"#fff\" stroke=\"#0f1729\" stroke-width=\"3\"\/>\n            <path d=\"M22,58 Q22,50 30,50 L70,50 Q78,50 78,58\" fill=\"none\" stroke=\"#0f1729\" stroke-width=\"3\"\/>\n            <circle cx=\"50\" cy=\"32\" r=\"14\" fill=\"#fbbf24\" stroke=\"#0f1729\" stroke-width=\"3\"\/>\n            <text x=\"50\" y=\"38\" font-size=\"16\" font-weight=\"bold\" fill=\"#0f1729\" text-anchor=\"middle\">$<\/text>\n            <circle cx=\"32\" cy=\"22\" r=\"5\" fill=\"#fbbf24\" stroke=\"#0f1729\" stroke-width=\"2\"\/>\n            <text x=\"32\" y=\"25\" font-size=\"7\" font-weight=\"bold\" fill=\"#0f1729\" text-anchor=\"middle\">$<\/text>\n            <circle cx=\"70\" cy=\"20\" r=\"4\" fill=\"#fbbf24\" stroke=\"#0f1729\" stroke-width=\"2\"\/>\n            <text x=\"70\" y=\"23\" font-size=\"6\" font-weight=\"bold\" fill=\"#0f1729\" text-anchor=\"middle\">$<\/text>\n            <line x1=\"26\" y1=\"12\" x2=\"26\" y2=\"6\" stroke=\"#fbbf24\" stroke-width=\"2\" stroke-linecap=\"round\"\/>\n            <line x1=\"74\" y1=\"10\" x2=\"74\" y2=\"4\" stroke=\"#fbbf24\" stroke-width=\"2\" stroke-linecap=\"round\"\/>\n          <\/svg>\n        <\/div>\n        <p>Elegancki, nowy spos\u00f3b na osi\u0105ganie zysk\u00f3w bez sprzeda\u017cy fizycznego z\u0142ota<\/p>\n      <\/div>\n\n    <\/div>\n  <\/div>\n<\/section>\n\n<!-- ============ CHART ============ -->\n<section class=\"chart-section\">\n  <div class=\"container\">\n    <h2>Skorzystaj z rekordowej ceny z\u0142ota<\/h2>\n    <div class=\"chart-wrap\">\n      <iframe\n        src=\"https:\/\/s.tradingview.com\/widgetembed\/?frameElementId=tv_chart&symbol=CAPITALCOM%3AGOLD&interval=W&hidesidetoolbar=1&hidetoptoolbar=0&symboledit=0&saveimage=0&toolbarbg=f1f3f6&studies=%5B%5D&theme=light&style=2&timezone=Europe%2FWarsaw&locale=pl\"\n        allowtransparency=\"true\" scrolling=\"no\" allowfullscreen><\/iframe>\n    <\/div>\n  <\/div>\n<\/section>\n\n<!-- ============ FORM ============ -->\n<section class=\"form-section\" id=\"form\">\n  <div class=\"container\">\n    <h2>Pobierz przewodnik za darmo<\/h2>\n    <p class=\"lead\">Dla wszystkich zainteresowanych handlem z\u0142otem lub poszerzeniem swojej wiedzy BetterTrading przygotowa\u0142 darmowy poradnik zatytu\u0142owany \u201eJak inwestowa\u0107 w z\u0142oto\".<\/p>\n    <p class=\"lead-bold\">Wype\u0142nij poni\u017cszy formularz i pobierz bezp\u0142atn\u0105 kopi\u0119.<\/p>\n\n    <div class=\"form-grid\">\n      <div class=\"form-img\">\n        <img decoding=\"async\" src=\"https:\/\/investimentiperte.com\/wp-content\/uploads\/2026\/04\/Gemini_Generated_Image_xqvayzxqvayzxqva-1.png\" alt=\"Ebook Jak inwestowa\u0107 w z\u0142oto\">\n      <\/div>\n      <div class=\"form-wrap\">\n        <form id=\"leadForm\" novalidate>\n          <div class=\"field\" data-field=\"firstName\">\n            <input type=\"text\" id=\"firstName\" name=\"firstName\" placeholder=\"Imi\u0119\" required>\n            <div class=\"err\">Wprowad\u017a imi\u0119<\/div>\n          <\/div>\n          <div class=\"field\" data-field=\"lastName\">\n            <input type=\"text\" id=\"lastName\" name=\"lastName\" placeholder=\"Nazwisko\" required>\n            <div class=\"err\">Wprowad\u017a nazwisko<\/div>\n          <\/div>\n          <div class=\"field\" data-field=\"email\">\n            <input type=\"email\" id=\"email\" name=\"email\" placeholder=\"Adres e-mail\" required>\n            <div class=\"err\">Wprowad\u017a prawid\u0142owy adres e-mail<\/div>\n          <\/div>\n          <div class=\"field\" data-field=\"phone\">\n            <div class=\"phone-row\">\n              <select id=\"countryCode\" name=\"countryCode\">\n                <option value=\"+48\" selected>+48 PL<\/option>\n                <option value=\"+49\">+49 DE<\/option>\n                <option value=\"+44\">+44 UK<\/option>\n                <option value=\"+1\">+1 US<\/option>\n                <option value=\"+33\">+33 FR<\/option>\n                <option value=\"+34\">+34 ES<\/option>\n                <option value=\"+39\">+39 IT<\/option>\n                <option value=\"+31\">+31 NL<\/option>\n                <option value=\"+43\">+43 AT<\/option>\n                <option value=\"+41\">+41 CH<\/option>\n                <option value=\"+420\">+420 CZ<\/option>\n                <option value=\"+421\">+421 SK<\/option>\n                <option value=\"+36\">+36 HU<\/option>\n                <option value=\"+380\">+380 UA<\/option>\n              <\/select>\n              <input type=\"tel\" id=\"phone\" name=\"phone\" placeholder=\"Numer telefonu\" required>\n            <\/div>\n            <div class=\"err\">Wprowad\u017a prawid\u0142owy numer telefonu<\/div>\n          <\/div>\n\n          <input type=\"text\" class=\"hp\" name=\"website\" tabindex=\"-1\" autocomplete=\"off\">\n\n          <div class=\"submit-wrap\">\n            <button type=\"submit\" class=\"btn\" id=\"submitBtn\">POBIERZ DARMOWY EBOOK<\/button>\n          <\/div>\n        <\/form>\n      <\/div>\n    <\/div>\n  <\/div>\n<\/section>\n\n<!-- ============ FOOTER ============ -->\n<footer>\n  <div class=\"container\">\n    <div class=\"links\">\n      <a href=\"https:\/\/bettertrading.co\/privacy-policy\/\" target=\"_blank\">Polityka prywatno\u015bci<\/a> |\n      <a href=\"https:\/\/bettertrading.co\/terms-and-conditions\/\" target=\"_blank\">Zasady i Warunki<\/a> |\n      <a href=\"https:\/\/bettertrading.co\/impressum\/\" target=\"_blank\">Skontakuj si\u0119 z nami<\/a>\n    <\/div>\n    <div class=\"risk\">\n      <strong>Ostrze\u017cenie o ryzyku i zastrze\u017cenie<\/strong>\n      Kontrakty CFD to z\u0142o\u017cone i wysoce spekulacyjne instrumenty, kt\u00f3re wi\u0105\u017c\u0105 si\u0119 z wysokim ryzykiem szybkiej utraty pieni\u0119dzy z powodu d\u017awigni finansowej. Zastan\u00f3w si\u0119, czy rozumiesz, jak dzia\u0142aj\u0105 kontrakty CFD i czy mo\u017cesz sobie pozwoli\u0107 na wysokie ryzyko utraty ca\u0142ego zainwestowanego kapita\u0142u. Produkty te mog\u0105 nie by\u0107 odpowiednie dla wszystkich klient\u00f3w, dlatego upewnij si\u0119, \u017ce rozumiesz ryzyko i zasi\u0119gnij niezale\u017cnej porady. Niniejszy materia\u0142 nie stanowi oferty ani zaproszenia do zawarcia transakcji na jakimkolwiek instrumencie finansowym. BetterTrading nie ponosi \u017cadnej odpowiedzialno\u015bci za jakiekolwiek wykorzystanie informacji i jakiekolwiek konsekwencje z tego wynikaj\u0105ce. Nie udziela si\u0119 \u017cadnych o\u015bwiadcze\u0144 ani gwarancji co do dok\u0142adno\u015bci i kompletno\u015bci tych informacji, w zwi\u0105zku z czym ka\u017cda osoba dzia\u0142aj\u0105ca na ich podstawie robi to wy\u0142\u0105cznie na w\u0142asne ryzyko.\n    <\/div>\n    <div class=\"copy\">\u00a92026 BetterTrading. Wszelkie prawa zastrze\u017cone.<\/div>\n  <\/div>\n<\/footer>\n\n<script>\n(function(){\n  var WEBHOOK = \"https:\/\/hook.eu1.make.com\/rt21mcq176jgifwvxf6zlmvtdhtoyb79\";\n  var TY_URL  = \"https:\/\/investimentiperte.com\/?page_id=409\";\n\n  var form = document.getElementById(\"leadForm\");\n  var btn  = document.getElementById(\"submitBtn\");\n\n  function getParam(n){\n    var m = new RegExp(\"[?&]\"+n+\"=([^&#]*)\").exec(window.location.search);\n    return m ? decodeURIComponent(m[1].replace(\/\\+\/g,\" \")) : \"\";\n  }\n\n  function validate(){\n    var ok = true;\n    form.querySelectorAll(\"[data-field]\").forEach(function(f){f.classList.remove(\"invalid\")});\n\n    var fn = form.firstName.value.trim();\n    var ln = form.lastName.value.trim();\n    var em = form.email.value.trim();\n    var ph = form.phone.value.trim();\n\n    if(!fn){form.querySelector('[data-field=\"firstName\"]').classList.add(\"invalid\");ok=false}\n    if(!ln){form.querySelector('[data-field=\"lastName\"]').classList.add(\"invalid\");ok=false}\n    if(!em || !\/^[^\\s@]+@[^\\s@]+\\.[^\\s@]+$\/.test(em)){\n      form.querySelector('[data-field=\"email\"]').classList.add(\"invalid\");ok=false\n    }\n    if(!ph || ph.replace(\/\\D\/g,\"\").length < 6){\n      form.querySelector('[data-field=\"phone\"]').classList.add(\"invalid\");ok=false\n    }\n    return ok;\n  }\n\n  form.addEventListener(\"submit\", function(e){\n    e.preventDefault();\n    if(form.website.value) return;\n    if(!validate()){\n      var first = form.querySelector(\".invalid\");\n      if(first) first.scrollIntoView({behavior:\"smooth\",block:\"center\"});\n      return;\n    }\n\n    btn.disabled = true;\n    btn.textContent = \"Wysy\u0142anie...\";\n\n    var data = {\n      firstName:  form.firstName.value.trim(),\n      lastName:   form.lastName.value.trim(),\n      email:      form.email.value.trim(),\n      phone:      form.countryCode.value + form.phone.value.trim().replace(\/^0+\/,\"\"),\n      countryCode:form.countryCode.value,\n      comment:    \"zloto\",\n      Tag1:       getParam(\"Tag1\") || \"zlotos\",\n      fbclid:     getParam(\"fbclid\"),\n      utm_source: getParam(\"utm_source\"),\n      utm_medium: getParam(\"utm_medium\"),\n      utm_campaign:getParam(\"utm_campaign\"),\n      utm_content:getParam(\"utm_content\"),\n      utm_term:   getParam(\"utm_term\"),\n      page_url:   window.location.href,\n      submitted_at: new Date().toISOString()\n    };\n\n    var qs = Object.keys(data).map(function(k){\n      return encodeURIComponent(k)+\"=\"+encodeURIComponent(data[k]);\n    }).join(\"&\");\n\n    fetch(WEBHOOK + \"?\" + qs, {method:\"GET\", mode:\"no-cors\"})\n      .catch(function(){})\n      .finally(function(){window.location.href = TY_URL});\n\n    setTimeout(function(){window.location.href = TY_URL}, 2500);\n  });\n})();\n<\/script>\n\n<\/body>\n<\/html>\t\t\t\t<\/div>\n\t\t\t\t<\/div>\n\t\t\t\t<\/div>\n\t\t","protected":false},"excerpt":{"rendered":"<p>Jak inwestowa\u0107 w z\u0142oto \u2014 Darmowy ebook | BetterTrading Jak zbudowa\u0107 drugie \u017ar\u00f3d\u0142o dochodu dzi\u0119ki \u201ewirtualnemu&#8221; z\u0142otu Odkryj 6 krok\u00f3w, by zarabia\u0107 na z\u0142ocie bez sprzeda\u017cy bi\u017cuterii czy sztabek. POBIERZ DARMOWY EBOOK W tym przewodniku poznasz: % Co to jest d\u017awignia finansowa i jak osi\u0105gn\u0105\u0107 10-krotnie wy\u017csze zyski w por\u00f3wnaniu z fizycznym z\u0142otem Jak chroni\u0107 [&hellip;]<\/p>\n","protected":false},"author":1,"featured_media":0,"parent":0,"menu_order":0,"comment_status":"closed","ping_status":"closed","template":"elementor_canvas","meta":{"footnotes":""},"class_list":["post-395","page","type-page","status-publish","hentry"],"brizy_media":[],"_links":{"self":[{"href":"https:\/\/investimentiperte.com\/index.php?rest_route=\/wp\/v2\/pages\/395","targetHints":{"allow":["GET"]}}],"collection":[{"href":"https:\/\/investimentiperte.com\/index.php?rest_route=\/wp\/v2\/pages"}],"about":[{"href":"https:\/\/investimentiperte.com\/index.php?rest_route=\/wp\/v2\/types\/page"}],"author":[{"embeddable":true,"href":"https:\/\/investimentiperte.com\/index.php?rest_route=\/wp\/v2\/users\/1"}],"replies":[{"embeddable":true,"href":"https:\/\/investimentiperte.com\/index.php?rest_route=%2Fwp%2Fv2%2Fcomments&post=395"}],"version-history":[{"count":5,"href":"https:\/\/investimentiperte.com\/index.php?rest_route=\/wp\/v2\/pages\/395\/revisions"}],"predecessor-version":[{"id":417,"href":"https:\/\/investimentiperte.com\/index.php?rest_route=\/wp\/v2\/pages\/395\/revisions\/417"}],"wp:attachment":[{"href":"https:\/\/investimentiperte.com\/index.php?rest_route=%2Fwp%2Fv2%2Fmedia&parent=395"}],"curies":[{"name":"wp","href":"https:\/\/api.w.org\/{rel}","templated":true}]}}